 2*f. Let j(v) = -3*t(v) - 8*u(v). What is the units digit of j(9)?
8
Let s(g) = 2*g**2 + 4*g - 5. Let t be s(-4). Suppose -3*j + t = -2*x, 2*x + 3*x = 2*j. Suppose p - x = b - 0*p, 5*b = -2*p + 11. What is the units digit of b?
1
Suppose -5*c = -3*c + v - 586, 0 = c - 2*v - 298. What is the units digit of c?
4
Let o(l) = -20*l. Let t(p) = 21*p. Let a(j) = -5*o(j) - 4*t(j). What is the tens digit of a(1)?
1
Let q be (3/2)/(1/2). Suppose -4 = -4*n, -q*n + 20 = w + 2*n. What is the tens digit of w?
1
Suppose 0 = -d + 6*d + 30. Let f(j) = -7*j + 0*j + 2 - j**2 + 2. What is the units digit of f(d)?
0
Let q = -17 - -5. What is the tens digit of 8/q - (-94)/6?
1
Let y(g) = -2*g + 7. Let r(f) = -2*f + 7. Let b(d) = -4*r(d) + 3*y(d). What is the units digit of b(6)?
5
Let y = 81 + -21. What is the units digit of y?
0
Suppose t + 3*t + 12 = 0. Let d(a) = -2*a + 3. Let q(c) = -6*c + 9. Let w(x) = -8*d(x) + 3*q(x). What is the units digit of w(t)?
9
Suppose -2*k + d - 7 = 0, d - 20 = 4*k - 3*d. Let j be (k - -4) + 2 + -2. Let h = j - -2. What is the units digit of h?
4
Let g(z) = -z**3 - 3 - 4 - 8*z + 1 - 6*z**2. What is the units digit of g(-5)?
9
Let a be (-18)/6 - (-3 + 0). Suppose a = 3*p - 10 - 8. Let i = p + -1. What is the units digit of i?
5
Let p(s) = s**2 - 2*s - 4. Let q(j) = 1 - 1 + 2*j**2 - 2 - 5*j + j**3. Let k be q(-3). What is the units digit of p(k)?
4
Suppose -6*p + 2*p + 24 = 0. Let c be p/3 - (1 + -2). Suppose -7 = -c*x + 14. What is the units digit of x?
7
Suppose 5*n + 3*l - 5 = 0, 0 = -5*n + 4*l + 2 + 38. What is the units digit of 18/(-4)*n/(-6)?
3
Suppose 6*g - g = 15. Let d(b) = -b**3 + 8*b**2 + 8*b + 9. Let o be d(9). Suppose o*k - g*k + 15 = 0. What is the units digit of k?
5
Let v(x) be the first derivative of -x**2 + 4*x + 3. Let q be v(3). What is the units digit of q/(-4) - (-9)/6?
2
Let a(q) = -q**3 - 4*q**2 - 5*q**2 - 2*q - q**2 - 10. What is the units digit of a(-10)?
0
What is the units digit of 2/(9/(522/4))?
9
Suppose 3*g + 2*q - 28 = 0, q - 4 = -4*g + 5*q. Let u(f) = 2*f + 5. What is the tens digit of u(g)?
1
Let i be (-1)/((-3)/(12 + 0)). Suppose -m + 19 - i = 0. Suppose -m - 1 = -2*d. What is the units digit of d?
8
Suppose -3*c + 74 - 2 = 0. What is the units digit of (-16)/c - 62/(-3)?
0
Suppose -4*a + 15 - 3 = 0. Let y be (-2)/4 + 5/2. Suppose a*t + 3 = 3*j, -j + y*j - 11 = -4*t. What is the units digit of j?
3
Let u be (-68)/(-18) + (-8)/(-36). Let y(p) = -u + 2 - p + 6. What is the units digit of y(0)?
4
Let r = 3 + -7. Let m be 54/r - (-1)/2. Let v = 22 + m. What is the units digit of v?
9
Suppose 0 = 4*n + n - 45. Let c(y) be the third derivative of y**4/24 - 5*y**3/6 + 3*y**2. What is the units digit of c(n)?
4
Let j be ((-80)/56)/((-2)/14). What is the units digit of (-368)/(-40) + (-2)/j?
9
Let p(m) = 2*m**2 - 10*m. Let t(h) = -h**2 - 1. Let o(j) = p(j) + 3*t(j). What is the units digit of o(-8)?
3
Let x = 45 + -22. What is the units digit of x?
3
Let z(u) = -2*u**2 - 3*u + 6. Suppose 16 = -4*p - 4. Let q(l) = -3*l**2 - 7*l + 11. Let n(y) = p*z(y) + 3*q(y). What is the units digit of n(6)?
3
Suppose 0 = -4*l + 11 + 13. Let h be (-51)/(-6) + (-3)/l. Let y = h + 1. What is the units digit of y?
9
Let w be (-4)/(12/(-21)) - 3. Suppose 2*y + 5*s - 35 = 0, 0 = -y + s - w*s + 20. Suppose -3*l + y*h = -39, h + 13 = l + 4*h. What is the units digit of l?
3
Let f(t) be the second derivative of t**5/20 + t**4/2 - 2*t**3/3 - 9*t**2/2 + t. Suppose 0 = -j - 4*j - 30. What is the tens digit of f(j)?
1
Let t(j) = j**3 + 2*j**2 + 3*j - 3. Let q(c) = 2*c**3 + 3*c**2 + 7*c - 6. Let p(d) = -2*q(d) + 5*t(d). What is the units digit of p(-3)?
3
Let d(o) = o**2 + 12*o - 11. Let v be d(-12). Let l = v - -16. What is the units digit of l?
5
Suppose 7*f - 3*f = -2*m + 38, -4*f = 4*m - 40. What is the units digit of (-15)/(-2) + f/6?
9
Suppose -5*n = -7 - 3. Suppose 102 = 4*o - 2*w, -4*w = n*o - 16 - 50. Suppose 6 = 4*a + 2*j, -6*j = -4*a - j + o. What is the units digit of a?
3
Let d(x) = 63*x**2 + 4*x - 2. What is the units digit of d(1)?
5
What is the units digit of (6/4)/(1/26)?
9
Let n(y) = -7*y - 44. What is the units digit of n(-13)?
7
Let w be 0/(-3) + 0 - -1. Suppose 0 = -2*j + 23 + w. What is the units digit of j?
2
Let m(f) = f**3 - 9*f**2 + 7*f + 10. Let o be m(8). Suppose 0 = -o*q - 0*q + 8. Suppose g - 3*t - 4 = 0, -5*g + 2*t - q = -24. What is the units digit of g?
4
Let w(n) = n**3 - 5*n**2 - 4*n - 7. Let z be 1/3 - 17/(-3). Let q be w(z). Suppose 19 = 5*i + 4*j, -i - 3*j = -11 + q. What is the units digit of i?
3
Suppose 2 + 4 = r. Let m = r + -1. Suppose -m*x - 19 = -89. What is the tens digit of x?
1
Let x(s) = s**2 - s. Let d be x(0). Suppose 4*a = 129 + 7. Suppose -3*j - 18 = -d*k - k, -5*k + j = -a. What is the units digit of k?
6
Let a be 3 - (-4 + (3 - 1)). Suppose -a = -l + 10. What is the units digit of l?
5
Let v(b) = b - 1. Let n be v(4). Suppose 2*x + n*w - 108 = 0, -w - 2*w + 204 = 4*x. Suppose 3*f + x = 5*l + f, -4*f - 26 = -3*l. What is the units digit of l?
0
What is the tens digit of 98/(-2)*((1 - 3) + 1)?
4
Let w = 12 + 6. Let c = 25 + w. What is the tens digit of c?
4
Let l(p) = p - 4. Let f be l(7). Let x(r) = 2*r**3 - 5*r**2 + 4*r - 3. What is the tens digit of x(f)?
1
What is the units digit of 10*(-1)/4*-22?
5
Let i = 9 + -8. Suppose -i + 5 = 2*u. Suppose c + 3*p - 2 = 0, -u*p + 5 = -7*p. What is the units digit of c?
5
Suppose 331 = -19*a + 1243. What is the units digit of a?
8
Let w = 43 - 24. What is the tens digit of w?
1
Suppose 0 = 3*j + j - y + 3, 3*y + 9 = 3*j. What is the units digit of (-2)/(2 + 5/j)?
4
Let b be (-2 + -24)/(-2 + 1). Let z = b + -14. What is the tens digit of z?
1
Let h(b) be the second derivative of -b**4/12 - 11*b**3/6 - 5*b**2 + 2*b. Let g be h(-10). Suppose 2*x + 1 = -a, g*x + 6 = -2*x. What is the units digit of a?
5
Suppose -2*p + c + 63 = 0, 3*c = -19 + 4. Suppose p = t - 4. What is the tens digit of t?
3
Let c = 20 + -17. Suppose 0 = c*v - 73 - 32. What is the tens digit of v?
3
Suppose -4*n + 13 = h, 0 = -7*n + 3*n. Suppose -h = -2*q + 3*w + 15, 0 = 2*q - w - 36. What is the units digit of q?
0
Let u(j) = j**2 - 2*j + 1. Let a be u(3). Suppose -a*c + 12 = -6*c. What is the units digit of ((-3)/2)/(c/16)?
4
Let i be 2*4/6*-3. Let j be (-4)/14 + (-68)/7. Let v = i - j. What is the units digit of v?
6
Suppose 4*g = -3*s - 31, 0*s + 4 = -g - 2*s. Let h(x) = x**2 + 7*x - 12. What is the tens digit of h(g)?
1
What is the units digit of 76/6 + 10/(-15)?
2
What is the units digit of 87/(-6)*(1 - -5)/(-3)?
9
Let t = 149 - 105. What is the tens digit of t?
4
Suppose -4*o - 12 - 4 = 0. What is the tens digit of (5/o)/((-1)/24)?
3
Let i = -31 + 51. Suppose 2*v = -2*v + i. What is the units digit of v?
5
Suppose 22*r - 24*r + 22 = 0. What is the tens digit of r?
1
Suppose -41 = -2*a - 3*i - 11, 0 = -4*a + 3*i + 42. Let k = a + -18. What is the units digit of -1 - (-1 - -2) - k?
4
Let m(f) = -2*f**3 - 14*f**2 - 2*f + 7. Let s(b) = -b**3 - 7*b**2 - b + 3. Let i(h) = 3*m(h) - 7*s(h). What is the units digit of i(-6)?
0
Let h = -14 - -24. What is the units digit of h?
0
Let m(h) = h**3 + 4*h**2 + 3*h + 4. Suppose -5 = 5*y - 2*v + 12, 0 = -y - 5*v + 2. Let f be m(y). What is the units digit of f/18 + 129/27?
5
Let t(p) = 2*p. Let k be t(-4). Let v(j) = -j - 4. Let x be v(k). Suppose 9*q = x*q + 30. What is the units digit of q?
6
Suppose 5*q - 6 = -p + q, -2 = q. What is the tens digit of p?
1
Let y(t) = -t**3 - 3*t**2 - 2*t - 2. Let r be y(-2). Let x = r - -5. Suppose 0 = -0*l - l + f + 2, 0 = 4*l - x*f - 8. What is the units digit of l?
2
Let i be ((-1)/3)/(6/(-36)). Suppose 6*y - 24 = i*y. What is the units digit of y?
6
Suppose -6 = -4*v + 14. Suppose f = -0*f + v. Suppose -f*x + 4*x = -11. What is the units digit of x?
1
Let x = 4 - 0. Suppose -2*y - 248 = x*j - 6*y, 0 = 4*j + 4*y + 216. What is the units digit of 4/(-18) - j/18?
3
Suppose 5 = 3*s + 2*s. What is the units digit of 1 - (-1 + 0)*s?
2
Let k = -11 + 43. What is the units digit of k?
2
Let m(g) = g**2 - 2*g + 8. Suppose 10 + 2 = -2*s. Let p be m(s). Suppose -3*c = -4*n - p + 19, -5*c + n = -39. What is the units digit of c?
7
Suppose 0 = 4*q - y - 5 - 21, 4*y = 2*q - 20. Suppose 4*v = -3*w + q*v - 94, 